*m + 2*m = 20. Let x(i) = -4*i**2 + i - 1 - 5*i + i**3 - i. What is x(m)?
-1
Let v(z) = -z**3 - 3*z**2 - z + 2. Let k(o) = 8*o**2 + 1. Let a be k(-1). Let p be a/(-6) - (-7)/2. Suppose -p*q = -3*q - 2. Determine v(q).
0
Let b(j) be the second derivative of -j**4/3 - j**3/3 - j**2/2 - 8*j + 3. What is b(-1)?
-3
Suppose -10 = -3*p - 5*l, p + 5*l + 10 = -0*l. Suppose -2 = 2*h - p. Let a(d) = -2*d**2 + 8*d + 1. Let v(g) = -g + 1. Let b(o) = -a(o) - 3*v(o). Give b(h).
8
Suppose -3*g - 3*c - 6 = 0, -4*c = -9*c - 20. Suppose -4*s - 2 = g. Let y(l) = 13*l**2 - 1. Calculate y(s).
12
Let t(c) be the third derivative of c**5/60 + 5*c**4/24 - 2*c**3/3 + 12*c**2. Suppose -3*i - i = 24. Calculate t(i).
2
Let i(k) = 10*k - 2. Let r(b) = -15*b + 3. Suppose 3*h - 5*u - 31 = 0, -3*h - 4*u + 11 + 2 = 0. Let f(v) = h*i(v) + 5*r(v). Give f(1).
-4
Let y(x) be the third derivative of x**6/120 - 3*x**5/20 - x**4/24 + 2*x**3/3 + 15*x**2. What is y(9)?
-5
Let y(n) = n + 5. Let u = -16 + 14. Let h = 1 - 0. Let p = u - h. Give y(p).
2
Let z(p) = 2*p**3 - 8*p**2 - 6*p - 7. Let k(c) = c - 2. Let o be k(-1). Let f(j) = -j**3 - j - 1. Let u(t) = o*f(t) - z(t). What is u(-7)?
-4
Let j be 88/72 - (-2)/(-9). Let i(x) = -x + x - j + 12*x**2. Determine i(-1).
11
Let i(w) = w**2 - 2*w + 2. Let d be i(2). Suppose -5 = -d*r + 1. Let c(n) = -r - 1 + 4*n - n**2 - 2. What is c(4)?
-6
Let h(k) be the second derivative of -k**5/20 + 7*k**4/12 + 4*k**3/3 - 2*k**2 - 6*k. What is h(8)?
-4
Let w(f) = 2*f - 10*f - 2*f**2 + f**3 - 7*f**2 + 3*f**2 + 1. Give w(7).
-6
Let l(o) = o - 3. Let f(n) = -2*n**2 + n. Let a be f(2). Calculate l(a).
-9
Let l(f) = -5*f + 6. Let m(g) = -g + 1. Let q(p) = l(p) - 6*m(p). Let d be q(0). Let y(b) = b**2 + b + 4. Give y(d).
4
Let l(r) = 8*r**3 - 2*r + 1. Let w(h) = h**2 - 3*h - 5. Let g be w(4). Suppose f = 5*f. Let n be f + (-2 - -2) - g. Determine l(n).
7
Let p(c) be the second derivative of c**6/120 + c**5/15 - c**4/4 + c**3/3 - 3*c**2/2 + 2*c. Let l(j) be the first derivative of p(j). Determine l(-5).
7
Let o(b) = -12*b**2 + b. Let v(f) = 2*f - 15. Let k = -24 + 32. Let p be v(k). Give o(p).
-11
Let s(g) = -g**2 + 4*g + 4. Suppose 0*z - 15 = -3*z. Let p(j) = 0 + 5 - 2 + j**3 - z*j**2. Let t be p(5). What is s(t)?
7
Let y(g) be the second derivative of -1/2*g**2 + 7/6*g**3 + g + 0. Calculate y(-1).
-8
Let s be ((-8)/3)/2 - 399/(-63). Let t(f) = 5*f. Determine t(s).
25
Let r(v) = -v**2 + 7*v + 7. Let m be r(7). Suppose 2*l = m*l - 10. Let f(y) = y**2 - 3*y + 3. Determine f(l).
1
Let t(y) = -y**2 + 3*y + 2*y**2 + 2*y. Let v be (2/(-4))/1*-62. Suppose 3*o + v = -5*u, -3*o - 2 - 4 = 0. Give t(u).
0
Let r(z) = -z**3 - z**2 - 3*z - 1. Let a(x) = x + 3. Let j(y) = -y - 3. Let v(c) = 6*a(c) + 5*j(c). Let f be v(0). Let d be f + -3 - (4 - 2). What is r(d)?
9
Suppose 3*o - 6 = -0*o. Let w(d) = -d**o + d + 3 + d - d. Give w(0).
3
Let v(x) = -x**3 - 6*x**2 + x + 2. Let k = -66 - -60. Determine v(k).
-4
Let i(j) = 21*j. Let q be (-2)/(-6 + 5) + -3. Determine i(q).
-21
Let d(m) be the first derivative of m**6/360 + m**5/120 - m**4/12 + 4*m**3/3 + 5. Let p(w) be the third derivative of d(w). Let v = -5 - -3. Give p(v).
0
Let o(b) be the first derivative of 1/3*b**3 + 2*b - 5/2*b**2 - 1. Determine o(6).
8
Let l(y) = -7*y + 11. Let m(o) = -4*o + 6. Let s(j) = -6*l(j) + 11*m(j). Suppose 2*k = 4*k - 5*r - 16, -5*k - r = 14. Calculate s(k).
4
Suppose 3*f = 0, -4*f + 3 = 3*m - 3. Let s(z) be the third derivative of -2*z**m + 0*z + 1/12*z**5 + 0*z**4 + 0*z**3 + 0. Calculate s(1).
5
Let c(t) = -t + 1. Let u(g) = 2. Let h be ((-10)/(-20))/((-1)/(-6)). Let z(x) = h*c(x) - u(x). Suppose -2*q = -q + 1. Calculate z(q).
4
Let d be (2/(-4))/((-8)/96). Let k(b) = b + 0*b - d*b**3 - 3*b**2 + b**2 + 5*b**3. What is k(2)?
-14
Let s(c) = 3*c**3 + 8 + 0*c - 2*c**3 - c. Suppose -3*t + 10 = 5*i, 0*i + 2*i + 4*t = -10. Suppose 3*r = -3*m, i*r = -5*m + m. Determine s(r).
8
Let n = 48 - 60. Let i(r) = -r**2 - 12*r - 2. What is i(n)?
-2
Let g(i) = -i + 9. Suppose -3*v + 27 = -3*y - 2*y, -2*y = 4*v - 62. Give g(v).
-5
Let o(u) be the second derivative of u**3/3 - 4*u**2 + 4*u. Calculate o(6).
4
Let q = -113 + 106. Let p(d) = -d**2 - 6*d + 1. Calculate p(q).
-6
Suppose 4*f - 5*i = -i + 8, 4*f - 2*i = 10. Let v(x) = -2*x**2 + 4*x - 1. Let a(u) = 2*u**2 - 5*u + 2. Let y(q) = 2*a(q) + 3*v(q). Give y(f).
-11
Let s(w) = w**2 - w. Let j(l) = 4*l**2 - 8*l. Let m(x) = -j(x) + 3*s(x). Let q(i) = i**3 + 11*i**2 + 11*i + 15. Let a be q(-10). What is m(a)?
0
Let h(j) = j**2 + 3*j - 3. Let k = -6 + 9. Suppose -k*c - 24 = 3*n, -n = -0 + 4. Calculate h(c).
1
Let a(d) = -d**3 + 3*d**2 + d - 1. Let v be a(3). Let l(m) = m**2 - 4*m - 7. Let q be l(-2). Suppose -r = -q + v. Let h(f) = 2*f - 1. Give h(r).
5
Let o(v) be the second derivative of -v**5/20 - v**4/12 + v**3/2 - v**2 - 9*v. What is o(2)?
-8
Let v be (-25)/(-10)*4/5. Let i(w) = -9*w**2 + 4*w + 4 - v*w**2 + 12*w**2. Give i(-4).
4
Let g(h) = h**3 - 2*h**2 - 2*h + 2. Let v be 5/(-25) - 21/(-5). Let n be (12/(-15))/(v/(-10)). What is g(n)?
-2
Let t(q) = q**2 - 7*q. Let g = 59 - 55. Give t(g).
-12
Let s(v) = v - 10. Let o(f) = 2*f - 19. Let y(z) = 3*o(z) - 5*s(z). Calculate y(7).
0
Let j(p) be the third derivative of -p**4/24 - p**3/2 - 7*p**2. Give j(-4).
1
Let i be 1 + (-1*14)/2. Let p(x) = -2*x + 21 + 24 - 47 + 3*x. Give p(i).
-8
Let r(w) = w**3 - 9*w**2 - 11*w + 15. Let q be r(10). Let i(z) = q*z - 4*z + 3*z - 2*z. Let v be (-6)/21 + 37/7. Calculate i(v).
10
Let y be (-8)/12 + 11/3. Let s(u) = -u + 1. Let m(f) = 3*f + 5. Let w(p) = -m(p) + 4*s(p). Let c(j) = -6*j. Let d(z) = -4*c(z) + 3*w(z). Calculate d(y).
6
Let l = 9 + -9. Let m be (l - 10)*4/8. Let x(t) = -t**2 - 3*t + 3. Determine x(m).
-7
Let r = -3 + 3. Suppose 3*p - 2*p + 1 = r. Let f be (p - -1) + 1 + 2. Let h(g) = g**3 - 2*g**2 - 3*g + 1. Determine h(f).
1
Let u(h) be the second derivative of -19*h**3/6 + 16*h. Give u(-1).
19
Let j(q) = -3*q - 4*q - 3 + 14*q - 6*q. Give j(5).
2
Let p(l) = -l**2 - 5*l - 1. Let q be 5*-1*(2 + -1). Determine p(q).
-1
Let w be -1 + -21*(3 + -2). Let g = 21 + w. Let r(t) = -t**2 - t - 1. Determine r(g).
-1
Let w(z) = -z + 8. Let o be w(5). Let a(d) = -7 - o*d + 0*d**2 - 2*d + 2 - d**2. Give a(-5).
-5
Let d be (-3)/3*(1 + -4). Let h(q) = -q**3 + 3*q**2 - 4*q + 3. Determine h(d).
-9
Let l = 6 - 3. Suppose 3*w + 2 = -c + w, 0 = l*c - 2*w - 10. Let i(y) = -c - y**2 + 0*y**2 + 2*y**2 + y. Give i(-3).
4
Let m be 17/(-3) - 2/(-3). Let d(b) = -b**3 - 4*b**2 + 6*b - 1. What is d(m)?
-6
Let w be (2 - -4 - 0) + -2. Let d(t) = -2*t - w*t + 5*t. Let x = 298 - 300. What is d(x)?
2
Suppose -32 = 7*a + 10. Let o(h) be the second derivative of -h**5/60 - h**4/3 - h**3/3 + h**2/2 - h. Let u(w) be the first derivative of o(w). Determine u(a).
10
Suppose -4*o + 16 = -0*o. Suppose 0*w = o*w + 16. Let h(t) = t**2 + 5*t + 3. Give h(w).
-1
Let v(p) = -p**3 + 8*p**2 + 9*p + 9. Let o(g) = -3*g**3 + 16*g**2 + 19*g + 18. Let l(m) = 2*o(m) - 5*v(m). Calculate l(-7).
-9
Let i(r) = -2*r - 2. Suppose 0 = -4*p - z - 2*z + 33, p - 8 = -z. Let g be (p/6)/((-1)/(-10)). Let n be 5/g - (-10)/6. Determine i(n).
-6
Let z(c) = 3*c - 11. Let w(n) = 1. Let p(t) = 6*w(t) + z(t). Give p(4).
7
Let m(k) = -k + 2. Suppose -4*x - 20 = -d, 5*x + 7 = d - 2*d. Let f = d - 12. Give m(f).
6
Let j be 3/(-12) - 69/12. Let l be (-3)/j*(0 + 0). Let w(m) = -m**2 + m + 10. Give w(l).
10
Let m(j) = 2*j - 12 - 2*j + 2*j - j. What is m(0)?
-12
Let k(t) = 2 + t**2 - 2 + t + 1. Let x(u) = -u**2 - 6*u - 13*u**2 + u**2 - 7. Let g(v) = 6*k(v) + x(v). Give g(1).
-8
Let x = 7 + -5. Let a(i) = -4*i**2 + 4 - 7*i + 3*i**3 - i**3 + 10*i**x - 3*i**3. Suppose -3*q - 2*q = -25. What is a(q)?
-6
Suppose -q + 3*q = -5*k + 27, 0 = -3*k - q + 16. Let a(y) = -6*y + 3*y**3 + 3 - 6*y**3 - 4*y**2 + 4*y**3. What is a(k)?
-2
Let a be (-25)/20 - (-3)/12. Let b(o) = -o**2 + o + 1. Let i(s) = s**3 + 8*s**2 + 7*s + 7. Let v(c) = a*b(c) - i(c). Calculate v(-6).
4
Let l(p) = p - p - 4*p**2 + p**3 - 1 + p. Let y be (-28)/6*6/(-7). Give l(y).
3
Suppose -2*a - 16 = -3*f, -4*f - 5*a + 10 = f. Let u(h) = -4*h**2 + h + 3. Let z(t) = 3*t**2 - 2*t - 3. Let r(p) = f*u(p) + 5*z(p). Determine r(-2).
5
Let n be 1*(-1 - -2) - 6. Let y(z) be the first derivative of -z**2/2 - 